{"id":12,"date":"2023-09-12T07:22:44","date_gmt":"2023-09-12T07:22:44","guid":{"rendered":"http:\/\/brugger-online.de\/?page_id=12"},"modified":"2025-01-05T11:50:07","modified_gmt":"2025-01-05T11:50:07","slug":"willkommen","status":"publish","type":"page","link":"https:\/\/brugger-online.de\/","title":{"rendered":"Willkommen"},"content":{"rendered":"\n<p><strong>bei den Familien Brugger in Tettnang<\/strong><\/p>\n\n\n\n<p>Aufgewachsen auf dem elterlichen Hof im oberschw\u00e4bischen Tettnang-Neuh\u00e4usle haben sich in der Familie verschiedene Berufe etabliert. Selbstst\u00e4ndiges Arbeiten lernt man auf einem Hof von Kindesbeinen an. <br>Den ehemaligen Bauernhof wandelte KFZ-Meister Gerhard Brugger in eine weit bekannte und beliebte <strong>KFZ-Werkstatt<\/strong> f\u00fcr alle Fabrikate. Zwischenzeitlich besch\u00e4ftigt die Werkstatt drei KFZ-Meister, einen Gesellen und zwei Auszubildende.<\/p>\n\n\n\n<figure class=\"wp-block-image size-large\"><img loading=\"lazy\" decoding=\"async\" width=\"1024\" height=\"557\" src=\"http:\/\/brugger-online.de\/wp-content\/uploads\/2023\/09\/KFZ_Werkstatt-1024x557.webp\" alt=\"\" class=\"wp-image-14\" srcset=\"https:\/\/brugger-online.de\/wp-content\/uploads\/2023\/09\/KFZ_Werkstatt-1024x557.webp 1024w, https:\/\/brugger-online.de\/wp-content\/uploads\/2023\/09\/KFZ_Werkstatt-300x163.webp 300w, https:\/\/brugger-online.de\/wp-content\/uploads\/2023\/09\/KFZ_Werkstatt-768x418.webp 768w, https:\/\/brugger-online.de\/wp-content\/uploads\/2023\/09\/KFZ_Werkstatt-1536x835.webp 1536w, https:\/\/brugger-online.de\/wp-content\/uploads\/2023\/09\/KFZ_Werkstatt-676x368.webp 676w, https:\/\/brugger-online.de\/wp-content\/uploads\/2023\/09\/KFZ_Werkstatt.webp 1600w\" sizes=\"auto, (max-width: 1024px) 100vw, 1024px\" \/><\/figure>\n\n\n\n<p><a href=\"https:\/\/brugger.go1a.de\">Hier geht es direkt zur KFZ-Werkstatt<\/a><\/p>\n\n\n\n<p>Unmittelbar neben der KFZ-Werkst\u00e4tte befindet sich die noch von Schreinermeister Siegfried Brugger gegr\u00fcndete und nach seinem viel zu fr\u00fchen Tod von seinem Sohn, Schreinermeister Johannes Brugger, weitergef\u00fchrte <strong>Schreinerei Brugger<\/strong>:<\/p>\n\n\n\n<figure class=\"wp-block-image size-large\"><img loading=\"lazy\" decoding=\"async\" width=\"1024\" height=\"576\" src=\"http:\/\/brugger-online.de\/wp-content\/uploads\/2023\/09\/schreinerei-1024x576.jpg\" alt=\"\" class=\"wp-image-15\" srcset=\"https:\/\/brugger-online.de\/wp-content\/uploads\/2023\/09\/schreinerei-1024x576.jpg 1024w, https:\/\/brugger-online.de\/wp-content\/uploads\/2023\/09\/schreinerei-300x169.jpg 300w, https:\/\/brugger-online.de\/wp-content\/uploads\/2023\/09\/schreinerei-768x432.jpg 768w, https:\/\/brugger-online.de\/wp-content\/uploads\/2023\/09\/schreinerei-1536x864.jpg 1536w, https:\/\/brugger-online.de\/wp-content\/uploads\/2023\/09\/schreinerei-676x380.jpg 676w, https:\/\/brugger-online.de\/wp-content\/uploads\/2023\/09\/schreinerei.jpg 1920w\" sizes=\"auto, (max-width: 1024px) 100vw, 1024px\" \/><\/figure>\n\n\n\n<p><a href=\"https:\/\/schreinerei-brugger.de\">Hier geht es zur Schreinerei<\/a><\/p>\n\n\n\n<p>Auch Ingenieure hat die Familie hervorgebracht. Dipl.-Ing.(FH) Manfred Brugger hat sich dem Thema Wasseraufbereitung und Wasserversorgung angenommen. Zwar zwischenzeitlich im Rentenalter arbeitet er in Teilzeit als Seniorconsultant weiterhin f\u00fcr die Ravensburger Firma <strong>Hydrogroup<\/strong>. HydroGroup z\u00e4hlt zu den f\u00fchrenden Firmen, wenn es um innovative Verfahrenstechnik geht.<\/p>\n\n\n\n<p><a href=\"https:\/\/www.hydrogroup.de\">Hier geht es direkt zur Hydrogroup<\/a><\/p>\n\n\n\n<p>Manfred Brugger ist auch als Buchautor aktiv. Sein erstes Buch besch\u00e4ftigt sich kritisch mit dem Thema Windenergie. Es tr\u00e4gt den Titel <strong>Windwahn &#8211; Der Windwahn und seine klimatischen Konsequenzen<\/strong>. <br>Mehr unter:<br><a href=\"https:\/\/manfred-brugger.de\">https:\/\/manfred-brugger.de<\/a> und <br><a href=\"https:\/\/buch.manfred-brugger.de\">https:\/\/buch.manfred-brugger.de<\/a><\/p>\n\n\n\n<p>Dominik Brugger hat Bauingenieurwesen studiert, den Bachelor und den Master absolviert und arbeitet nun als beratender Ingenieur und Prokurist als Partner in der <strong>Ingenieurgesellschaft Zimmermann <\/strong>in Waldburg.<\/p>\n\n\n\n<p><a href=\"https:\/\/www.zi-ing.de\">Hier geht es direkt zum Ingenieurb\u00fcro<\/a><\/p>\n\n\n\n<p>Politisch engagiert sich Gerhard Brugger im Gemeinderat der Stadt Tettnang. <\/p>\n\n\n\n<p><a href=\"https:\/\/fdp-tettnang.de\">Hier geht es zum FDP-Ortsverband Tettnang<\/a><\/p>\n","protected":false},"excerpt":{"rendered":"<p>bei den Familien Brugger in Tettnang Aufgewachsen auf dem elterlichen Hof im oberschw\u00e4bischen Tettnang-Neuh\u00e4usle haben sich in der Familie verschiedene Berufe etabliert. Selbstst\u00e4ndiges Arbeiten lernt man auf einem Hof von Kindesbeinen an. Den ehemaligen Bauernhof wandelte KFZ-Meister Gerhard Brugger in eine weit bekannte und beliebte KFZ-Werkstatt f\u00fcr alle Fabrikate. Zwischenzeitlich besch\u00e4ftigt die Werkstatt drei KFZ-Meister, [&hellip;]<\/p>\n","protected":false},"author":1,"featured_media":0,"parent":0,"menu_order":0,"comment_status":"closed","ping_status":"closed","template":"","meta":{"footnotes":""},"class_list":["post-12","page","type-page","status-publish","hentry","post-preview"],"_links":{"self":[{"href":"https:\/\/brugger-online.de\/index.php?rest_route=\/wp\/v2\/pages\/12","targetHints":{"allow":["GET"]}}],"collection":[{"href":"https:\/\/brugger-online.de\/index.php?rest_route=\/wp\/v2\/pages"}],"about":[{"href":"https:\/\/brugger-online.de\/index.php?rest_route=\/wp\/v2\/types\/page"}],"author":[{"embeddable":true,"href":"https:\/\/brugger-online.de\/index.php?rest_route=\/wp\/v2\/users\/1"}],"replies":[{"embeddable":true,"href":"https:\/\/brugger-online.de\/index.php?rest_route=%2Fwp%2Fv2%2Fcomments&post=12"}],"version-history":[{"count":10,"href":"https:\/\/brugger-online.de\/index.php?rest_route=\/wp\/v2\/pages\/12\/revisions"}],"predecessor-version":[{"id":79,"href":"https:\/\/brugger-online.de\/index.php?rest_route=\/wp\/v2\/pages\/12\/revisions\/79"}],"wp:attachment":[{"href":"https:\/\/brugger-online.de\/index.php?rest_route=%2Fwp%2Fv2%2Fmedia&parent=12"}],"curies":[{"name":"wp","href":"https:\/\/api.w.org\/{rel}","templated":true}]}}